{"id":115,"date":"2016-05-11T10:13:58","date_gmt":"2016-05-11T08:13:58","guid":{"rendered":"http:\/\/www.bttautomatyka.pl\/?page_id=115"},"modified":"2016-05-11T11:15:49","modified_gmt":"2016-05-11T09:15:49","slug":"softstarty-vs65","status":"publish","type":"page","link":"https:\/\/www.bttautomatyka.pl\/index.php\/softstarty-vs65\/","title":{"rendered":"Softstarty \u015aredniego Napi\u0119cia VS65"},"content":{"rendered":"<div class=\"btt VS65\">\n  <h1>Softstarty \u015bredniego napi\u0119cia VS65<\/h1>\n  <p>Firma POWER ELECTRONICS poszerzy\u0142a gam\u0119 wyrob\u00f3w o softstarty \u015bredniego napi\u0119cia typu VS65. Urz\u0105dzenie, tak jak i\n    pozosta\u0142e wyroby firmy, obj\u0119te jest 3-letni\u0105 gwarancj\u0105 oraz bardzo szybkim czasem reakcji serwisu. Softstart ma\n    modu\u0142ow\u0105, konfigurowaln\u0105 budow\u0119, co pozwala na elastyczne zaadaptowanie uk\u0142adu do istniej\u0105cej instalacji zar\u00f3wno w\n    zakresie rozmaitych typ\u00f3w pod\u0142\u0105cze\u0144, jak i wyposa\u017cenia w aparatur\u0119 elektryczn\u0105. W konstrukcji zastosowano\n    przewymiarowane podzespo\u0142y mocy, co korzystnie wp\u0142ywa na czas bezawaryjnej pracy oraz umo\u017cliwia stosowanie\n    softstartu w wymagaj\u0105cych aplikacjach.<\/p>\n  <p>VS65 pokrywa zakres napi\u0119\u0107 od 2,3 kV do 15 kV przy mocach od 149kW do 6300kW. Obudowa mo\u017ce by\u0107 wykonana w stopniu\n    ochrony IP41 lub IP54. Ca\u0142e urz\u0105dzenie zosta\u0142o podzielone na dwa g\u0142\u00f3wne modu\u0142y: modu\u0142 wej\u015bciowy i modu\u0142\n    softstartera. Modu\u0142 pierwszy (opcjonalny) umo\u017cliwia wbudowanie rozmaitych zabezpiecze\u0144, np. automatycznych\n    wy\u0142\u0105cznik\u00f3w lub roz\u0142\u0105cznik\u00f3w bezpiecznikowych. Drugi modu\u0142 sk\u0142ada si\u0119 z czterech sekcji: sekcji SCR, sekcji\n    stycznik\u00f3w pr\u00f3\u017cniowych (stycznik liniowy i bypass), sekcji sterowania oraz sekcji interfejsu. Podzia\u0142 na sekcje oraz\n    zastosowanie \u015bwiat\u0142owod\u00f3w w uk\u0142adach bramkowych tyrystor\u00f3w pozwoli\u0142 konstruktorom na bezpieczne odseparowanie stref\n    nisko- i wysokonapi\u0119ciowej. Sterowanie VS65 odbywa si\u0119 poprzez klasyczne przyciski i prze\u0142\u0105czniki oraz\n    alfanumeryczny panel operatorski, co pozwala na realizacj\u0119 sterowania lokalnego i zdalnego. Uk\u0142ad sterowania\n    realizuje wszystkie niezb\u0119dne zabezpieczenia silnika \u2013 zanik i kolejno\u015b\u0107 faz zasilaj\u0105cych, asymetria zasilania,\n    przeci\u0105\u017cenie, zbyt niskie\/wysokie napi\u0119cie, dopuszczalna ilo\u015b\u0107 rozruch\u00f3w na godzin\u0119, pr\u0105d shear pin (elektroniczny\n    odpowiednik k\u00f3\u0142ka bezpiecznikowego \u015bcinanego). Udost\u0119pniono dwie metody zatrzymania (po rampie i wybiegiem) i a\u017c\n    cztery metody rozruchu silnika: po rampie napi\u0119ciowej (z kontrol\u0105 pr\u0105du maksymalnego); z nastawionym ograniczeniem\n    pr\u0105dowym; z dynamiczn\u0105 kontrol\u0105 momentu \u2013 algorytm CDP stworzony przez producenta w celu p\u0142ynnego ograniczenia\n    przet\u0119\u017ce\u0144 pr\u0105du dla ci\u0119\u017ckich rozruch\u00f3w; rozruch bezpo\u015bredni \u2013 rozruch mieszany z u\u017cyciem stycznika obej\u015bcia dla\n    zablokowanego wirnika \u2013 na pocz\u0105tku zostaje za\u0142\u0105czony impulsowo stycznik obej\u015bcia w celu wytworzenia du\u017cego\n    startowego udaru pr\u0105dowego, potem nast\u0119puje rozruch z nastawionym ograniczeniem pr\u0105dowym. Dla softstartu\n    przewidziano mo\u017cliwo\u015b\u0107 pod\u0142\u0105czenia do przemys\u0142owych sieci komunikacyjnych Modbus RTU i TCP, DeviceNet (CAN),\n    Profibus DP, Ethernet, N2 Metasys. Zastosowane rozwi\u0105zania techniczne, szeroki zakres znamionowych temperatur pracy\n    (0\u201350\u00b0C), brak ogranicze\u0144 dla d\u0142ugo\u015bci kabla silnikowego predysponuj\u0105 softstart VS65 do zastosowania w bardzo\n    wymagaj\u0105cych aplikacjach przemys\u0142u petrochemicznego, wydobywczego, zarz\u0105dzaniu wod\u0105.<\/p>\n  <a href=\"\/BTT\/pdf\/VS65CT01AI_Technical Characteristics.pdf\" title=\"Softstarty VS65 Dokumentacja\"\n    class=\"pdf_icon\">Softstarty VS65 - Dokumentacja<\/a>\n<\/div>\n","protected":false},"excerpt":{"rendered":"","protected":false},"author":1,"featured_media":0,"parent":0,"menu_order":0,"comment_status":"closed","ping_status":"closed","template":"page-templates\/page_fullwidth.php","meta":{"_exactmetrics_skip_tracking":false,"_exactmetrics_sitenote_active":false,"_exactmetrics_sitenote_note":"","_exactmetrics_sitenote_category":0},"aioseo_notices":[],"_links":{"self":[{"href":"https:\/\/www.bttautomatyka.pl\/index.php\/wp-json\/wp\/v2\/pages\/115"}],"collection":[{"href":"https:\/\/www.bttautomatyka.pl\/index.php\/wp-json\/wp\/v2\/pages"}],"about":[{"href":"https:\/\/www.bttautomatyka.pl\/index.php\/wp-json\/wp\/v2\/types\/page"}],"author":[{"embeddable":true,"href":"https:\/\/www.bttautomatyka.pl\/index.php\/wp-json\/wp\/v2\/users\/1"}],"replies":[{"embeddable":true,"href":"https:\/\/www.bttautomatyka.pl\/index.php\/wp-json\/wp\/v2\/comments?post=115"}],"version-history":[{"count":0,"href":"https:\/\/www.bttautomatyka.pl\/index.php\/wp-json\/wp\/v2\/pages\/115\/revisions"}],"wp:attachment":[{"href":"https:\/\/www.bttautomatyka.pl\/index.php\/wp-json\/wp\/v2\/media?parent=115"}],"curies":[{"name":"wp","href":"https:\/\/api.w.org\/{rel}","templated":true}]}}